{"id":4357,"date":"2024-09-13T05:24:33","date_gmt":"2024-09-13T05:24:33","guid":{"rendered":"https:\/\/ofornodecatuxa.es\/?post_type=habitacion&#038;p=4357"},"modified":"2024-09-13T05:49:33","modified_gmt":"2024-09-13T05:49:33","slug":"del-recuerdo","status":"publish","type":"habitacion","link":"https:\/\/ofornodecatuxa.es\/en\/habitacion\/del-recuerdo\/","title":{"rendered":"del Recuerdo"},"content":{"rendered":"\n<p>La\u00a0<strong>del recuerdo<\/strong>, impresionante estancia con mucha historia: la habitaci\u00f3n escondite que durante la guerra sirvi\u00f3 de refugio a tres vecinos de zona, cuyos nombres, anclados a nuestras infancias, todav\u00eda resuenan en la memoria.<\/p>\n\n\n\n<figure class=\"wp-block-gallery has-nested-images columns-default is-cropped wp-block-gallery-1 is-layout-flex wp-block-gallery-is-layout-flex\">\n<figure class=\"wp-block-image size-large\"><img loading=\"lazy\" decoding=\"async\" width=\"1024\" height=\"768\" data-id=\"4373\" src=\"https:\/\/ofornodecatuxa.es\/wp-content\/uploads\/2024\/09\/Suite-del-Recuerdo-habitacion-1024x768.jpg\" alt=\"\" class=\"wp-image-4373\" srcset=\"https:\/\/ofornodecatuxa.es\/wp-content\/uploads\/2024\/09\/Suite-del-Recuerdo-habitacion-1024x768.jpg 1024w, https:\/\/ofornodecatuxa.es\/wp-content\/uploads\/2024\/09\/Suite-del-Recuerdo-habitacion-300x225.jpg 300w, https:\/\/ofornodecatuxa.es\/wp-content\/uploads\/2024\/09\/Suite-del-Recuerdo-habitacion-768x576.jpg 768w, https:\/\/ofornodecatuxa.es\/wp-content\/uploads\/2024\/09\/Suite-del-Recuerdo-habitacion-1536x1152.jpg 1536w, https:\/\/ofornodecatuxa.es\/wp-content\/uploads\/2024\/09\/Suite-del-Recuerdo-habitacion.jpg 2048w\" sizes=\"auto, (max-width: 1024px) 100vw, 1024px\" \/><\/figure>\n\n\n\n<figure class=\"wp-block-image size-large\"><img loading=\"lazy\" decoding=\"async\" width=\"1024\" height=\"768\" data-id=\"4361\" src=\"https:\/\/ofornodecatuxa.es\/wp-content\/uploads\/2024\/09\/Suite-del-Recuerdo-habitacion-2-1024x768.jpg\" alt=\"\" class=\"wp-image-4361\" srcset=\"https:\/\/ofornodecatuxa.es\/wp-content\/uploads\/2024\/09\/Suite-del-Recuerdo-habitacion-2-1024x768.jpg 1024w, https:\/\/ofornodecatuxa.es\/wp-content\/uploads\/2024\/09\/Suite-del-Recuerdo-habitacion-2-300x225.jpg 300w, https:\/\/ofornodecatuxa.es\/wp-content\/uploads\/2024\/09\/Suite-del-Recuerdo-habitacion-2-768x576.jpg 768w, https:\/\/ofornodecatuxa.es\/wp-content\/uploads\/2024\/09\/Suite-del-Recuerdo-habitacion-2-1536x1152.jpg 1536w, https:\/\/ofornodecatuxa.es\/wp-content\/uploads\/2024\/09\/Suite-del-Recuerdo-habitacion-2.jpg 2048w\" sizes=\"auto, (max-width: 1024px) 100vw, 1024px\" \/><\/figure>\n\n\n\n<figure class=\"wp-block-image size-large\"><img loading=\"lazy\" decoding=\"async\" width=\"768\" height=\"1024\" data-id=\"4364\" src=\"https:\/\/ofornodecatuxa.es\/wp-content\/uploads\/2024\/09\/Suite-del-Recuerdo-habitacion-3-768x1024.jpg\" alt=\"\" class=\"wp-image-4364\" srcset=\"https:\/\/ofornodecatuxa.es\/wp-content\/uploads\/2024\/09\/Suite-del-Recuerdo-habitacion-3-768x1024.jpg 768w, https:\/\/ofornodecatuxa.es\/wp-content\/uploads\/2024\/09\/Suite-del-Recuerdo-habitacion-3-225x300.jpg 225w, https:\/\/ofornodecatuxa.es\/wp-content\/uploads\/2024\/09\/Suite-del-Recuerdo-habitacion-3-1152x1536.jpg 1152w, https:\/\/ofornodecatuxa.es\/wp-content\/uploads\/2024\/09\/Suite-del-Recuerdo-habitacion-3.jpg 1536w\" sizes=\"auto, (max-width: 768px) 100vw, 768px\" \/><\/figure>\n\n\n\n<figure class=\"wp-block-image size-large\"><img loading=\"lazy\" decoding=\"async\" width=\"768\" height=\"1024\" data-id=\"3848\" src=\"https:\/\/ofornodecatuxa.es\/wp-content\/uploads\/2024\/08\/Suite-del-Recuerdo-bano-768x1024.jpg\" alt=\"\" class=\"wp-image-3848\" srcset=\"https:\/\/ofornodecatuxa.es\/wp-content\/uploads\/2024\/08\/Suite-del-Recuerdo-bano-768x1024.jpg 768w, https:\/\/ofornodecatuxa.es\/wp-content\/uploads\/2024\/08\/Suite-del-Recuerdo-bano-225x300.jpg 225w, https:\/\/ofornodecatuxa.es\/wp-content\/uploads\/2024\/08\/Suite-del-Recuerdo-bano-1152x1536.jpg 1152w, https:\/\/ofornodecatuxa.es\/wp-content\/uploads\/2024\/08\/Suite-del-Recuerdo-bano.jpg 1200w\" sizes=\"auto, (max-width: 768px) 100vw, 768px\" \/><\/figure>\n\n\n\n<figure class=\"wp-block-image size-large\"><img loading=\"lazy\" decoding=\"async\" width=\"768\" height=\"1024\" data-id=\"4367\" src=\"https:\/\/ofornodecatuxa.es\/wp-content\/uploads\/2024\/09\/Suite-del-Recuerdo-habitacion-6-768x1024.jpg\" alt=\"\" class=\"wp-image-4367\" srcset=\"https:\/\/ofornodecatuxa.es\/wp-content\/uploads\/2024\/09\/Suite-del-Recuerdo-habitacion-6-768x1024.jpg 768w, https:\/\/ofornodecatuxa.es\/wp-content\/uploads\/2024\/09\/Suite-del-Recuerdo-habitacion-6-225x300.jpg 225w, https:\/\/ofornodecatuxa.es\/wp-content\/uploads\/2024\/09\/Suite-del-Recuerdo-habitacion-6-1152x1536.jpg 1152w, https:\/\/ofornodecatuxa.es\/wp-content\/uploads\/2024\/09\/Suite-del-Recuerdo-habitacion-6.jpg 1200w\" sizes=\"auto, (max-width: 768px) 100vw, 768px\" \/><\/figure>\n\n\n\n<figure class=\"wp-block-image size-large\"><img loading=\"lazy\" decoding=\"async\" width=\"1024\" height=\"768\" data-id=\"4358\" src=\"https:\/\/ofornodecatuxa.es\/wp-content\/uploads\/2024\/09\/Suite-del-Recuerdo-bano-2-1024x768.jpg\" alt=\"\" class=\"wp-image-4358\" srcset=\"https:\/\/ofornodecatuxa.es\/wp-content\/uploads\/2024\/09\/Suite-del-Recuerdo-bano-2-1024x768.jpg 1024w, https:\/\/ofornodecatuxa.es\/wp-content\/uploads\/2024\/09\/Suite-del-Recuerdo-bano-2-300x225.jpg 300w, https:\/\/ofornodecatuxa.es\/wp-content\/uploads\/2024\/09\/Suite-del-Recuerdo-bano-2-768x576.jpg 768w, https:\/\/ofornodecatuxa.es\/wp-content\/uploads\/2024\/09\/Suite-del-Recuerdo-bano-2-1536x1152.jpg 1536w, https:\/\/ofornodecatuxa.es\/wp-content\/uploads\/2024\/09\/Suite-del-Recuerdo-bano-2.jpg 1600w\" sizes=\"auto, (max-width: 1024px) 100vw, 1024px\" \/><\/figure>\n\n\n\n<figure class=\"wp-block-image size-large\"><img loading=\"lazy\" decoding=\"async\" width=\"1024\" height=\"768\" data-id=\"3851\" src=\"https:\/\/ofornodecatuxa.es\/wp-content\/uploads\/2024\/08\/Suite-del-Recuerdo-habitacion-4-1024x768.jpg\" alt=\"\" class=\"wp-image-3851\" srcset=\"https:\/\/ofornodecatuxa.es\/wp-content\/uploads\/2024\/08\/Suite-del-Recuerdo-habitacion-4-1024x768.jpg 1024w, https:\/\/ofornodecatuxa.es\/wp-content\/uploads\/2024\/08\/Suite-del-Recuerdo-habitacion-4-300x225.jpg 300w, https:\/\/ofornodecatuxa.es\/wp-content\/uploads\/2024\/08\/Suite-del-Recuerdo-habitacion-4-768x576.jpg 768w, https:\/\/ofornodecatuxa.es\/wp-content\/uploads\/2024\/08\/Suite-del-Recuerdo-habitacion-4-1536x1152.jpg 1536w, https:\/\/ofornodecatuxa.es\/wp-content\/uploads\/2024\/08\/Suite-del-Recuerdo-habitacion-4.jpg 2048w\" sizes=\"auto, (max-width: 1024px) 100vw, 1024px\" \/><\/figure>\n<\/figure>\n","protected":false},"excerpt":{"rendered":"<p>La\u00a0del recuerdo, impresionante estancia con mucha historia: la habitaci\u00f3n escondite que durante la guerra sirvi\u00f3 de refugio a tres vecinos de zona, cuyos nombres, anclados a nuestras infancias, todav\u00eda resuenan en la memoria.<\/p>\n","protected":false},"featured_media":3851,"template":"","meta":{"_acf_changed":true,"_seopress_robots_primary_cat":"","_seopress_titles_title":"Habitaci\u00f3n %%post_title%% en %%sitetitle%%","_seopress_titles_desc":"Suite del recuerdo, impresionante estancia con mucha historia: la habitaci\u00f3n escondite que durante la guerra sirvi\u00f3 de refugio a tres vecinos de zona, cuyos nombres, anclados a nuestras infancias, todav\u00eda resuenan en la memoria.","_seopress_robots_index":""},"class_list":["post-4357","habitacion","type-habitacion","status-publish","has-post-thumbnail","hentry"],"acf":[],"_links":{"self":[{"href":"https:\/\/ofornodecatuxa.es\/en\/wp-json\/wp\/v2\/habitacion\/4357","targetHints":{"allow":["GET"]}}],"collection":[{"href":"https:\/\/ofornodecatuxa.es\/en\/wp-json\/wp\/v2\/habitacion"}],"about":[{"href":"https:\/\/ofornodecatuxa.es\/en\/wp-json\/wp\/v2\/types\/habitacion"}],"wp:featuredmedia":[{"embeddable":true,"href":"https:\/\/ofornodecatuxa.es\/en\/wp-json\/wp\/v2\/media\/3851"}],"wp:attachment":[{"href":"https:\/\/ofornodecatuxa.es\/en\/wp-json\/wp\/v2\/media?parent=4357"}],"curies":[{"name":"wp","href":"https:\/\/api.w.org\/{rel}","templated":true}]}}

<p>La <strong>del recuerdo</strong>, impresionante estancia con mucha historia: la habitación escondite que durante la guerra sirvió de refugio a tres vecinos de zona, cuyos nombres, anclados a nuestras infancias, todavía resuenan en la memoria.</p>



<figure class="wp-block-gallery has-nested-images columns-default is-cropped wp-block-gallery-1 is-layout-flex wp-block-gallery-is-layout-flex">
<figure class="wp-block-image size-large"><img loading="lazy" decoding="async" width="1024" height="768" data-id="4373" src="https://ofornodecatuxa.es/wp-content/uploads/2024/09/Suite-del-Recuerdo-habitacion-1024x768.jpg" alt="" class="wp-image-4373" srcset="https://ofornodecatuxa.es/wp-content/uploads/2024/09/Suite-del-Recuerdo-habitacion-1024x768.jpg 1024w, https://ofornodecatuxa.es/wp-content/uploads/2024/09/Suite-del-Recuerdo-habitacion-300x225.jpg 300w, https://ofornodecatuxa.es/wp-content/uploads/2024/09/Suite-del-Recuerdo-habitacion-768x576.jpg 768w, https://ofornodecatuxa.es/wp-content/uploads/2024/09/Suite-del-Recuerdo-habitacion-1536x1152.jpg 1536w, https://ofornodecatuxa.es/wp-content/uploads/2024/09/Suite-del-Recuerdo-habitacion.jpg 2048w" sizes="auto, (max-width: 1024px) 100vw, 1024px" /></figure>



<figure class="wp-block-image size-large"><img loading="lazy" decoding="async" width="1024" height="768" data-id="4361" src="https://ofornodecatuxa.es/wp-content/uploads/2024/09/Suite-del-Recuerdo-habitacion-2-1024x768.jpg" alt="" class="wp-image-4361" srcset="https://ofornodecatuxa.es/wp-content/uploads/2024/09/Suite-del-Recuerdo-habitacion-2-1024x768.jpg 1024w, https://ofornodecatuxa.es/wp-content/uploads/2024/09/Suite-del-Recuerdo-habitacion-2-300x225.jpg 300w, https://ofornodecatuxa.es/wp-content/uploads/2024/09/Suite-del-Recuerdo-habitacion-2-768x576.jpg 768w, https://ofornodecatuxa.es/wp-content/uploads/2024/09/Suite-del-Recuerdo-habitacion-2-1536x1152.jpg 1536w, https://ofornodecatuxa.es/wp-content/uploads/2024/09/Suite-del-Recuerdo-habitacion-2.jpg 2048w" sizes="auto, (max-width: 1024px) 100vw, 1024px" /></figure>



<figure class="wp-block-image size-large"><img loading="lazy" decoding="async" width="768" height="1024" data-id="4364" src="https://ofornodecatuxa.es/wp-content/uploads/2024/09/Suite-del-Recuerdo-habitacion-3-768x1024.jpg" alt="" class="wp-image-4364" srcset="https://ofornodecatuxa.es/wp-content/uploads/2024/09/Suite-del-Recuerdo-habitacion-3-768x1024.jpg 768w, https://ofornodecatuxa.es/wp-content/uploads/2024/09/Suite-del-Recuerdo-habitacion-3-225x300.jpg 225w, https://ofornodecatuxa.es/wp-content/uploads/2024/09/Suite-del-Recuerdo-habitacion-3-1152x1536.jpg 1152w, https://ofornodecatuxa.es/wp-content/uploads/2024/09/Suite-del-Recuerdo-habitacion-3.jpg 1536w" sizes="auto, (max-width: 768px) 100vw, 768px" /></figure>



<figure class="wp-block-image size-large"><img loading="lazy" decoding="async" width="768" height="1024" data-id="3848" src="https://ofornodecatuxa.es/wp-content/uploads/2024/08/Suite-del-Recuerdo-bano-768x1024.jpg" alt="" class="wp-image-3848" srcset="https://ofornodecatuxa.es/wp-content/uploads/2024/08/Suite-del-Recuerdo-bano-768x1024.jpg 768w, https://ofornodecatuxa.es/wp-content/uploads/2024/08/Suite-del-Recuerdo-bano-225x300.jpg 225w, https://ofornodecatuxa.es/wp-content/uploads/2024/08/Suite-del-Recuerdo-bano-1152x1536.jpg 1152w, https://ofornodecatuxa.es/wp-content/uploads/2024/08/Suite-del-Recuerdo-bano.jpg 1200w" sizes="auto, (max-width: 768px) 100vw, 768px" /></figure>



<figure class="wp-block-image size-large"><img loading="lazy" decoding="async" width="768" height="1024" data-id="4367" src="https://ofornodecatuxa.es/wp-content/uploads/2024/09/Suite-del-Recuerdo-habitacion-6-768x1024.jpg" alt="" class="wp-image-4367" srcset="https://ofornodecatuxa.es/wp-content/uploads/2024/09/Suite-del-Recuerdo-habitacion-6-768x1024.jpg 768w, https://ofornodecatuxa.es/wp-content/uploads/2024/09/Suite-del-Recuerdo-habitacion-6-225x300.jpg 225w, https://ofornodecatuxa.es/wp-content/uploads/2024/09/Suite-del-Recuerdo-habitacion-6-1152x1536.jpg 1152w, https://ofornodecatuxa.es/wp-content/uploads/2024/09/Suite-del-Recuerdo-habitacion-6.jpg 1200w" sizes="auto, (max-width: 768px) 100vw, 768px" /></figure>



<figure class="wp-block-image size-large"><img loading="lazy" decoding="async" width="1024" height="768" data-id="4358" src="https://ofornodecatuxa.es/wp-content/uploads/2024/09/Suite-del-Recuerdo-bano-2-1024x768.jpg" alt="" class="wp-image-4358" srcset="https://ofornodecatuxa.es/wp-content/uploads/2024/09/Suite-del-Recuerdo-bano-2-1024x768.jpg 1024w, https://ofornodecatuxa.es/wp-content/uploads/2024/09/Suite-del-Recuerdo-bano-2-300x225.jpg 300w, https://ofornodecatuxa.es/wp-content/uploads/2024/09/Suite-del-Recuerdo-bano-2-768x576.jpg 768w, https://ofornodecatuxa.es/wp-content/uploads/2024/09/Suite-del-Recuerdo-bano-2-1536x1152.jpg 1536w, https://ofornodecatuxa.es/wp-content/uploads/2024/09/Suite-del-Recuerdo-bano-2.jpg 1600w" sizes="auto, (max-width: 1024px) 100vw, 1024px" /></figure>



<figure class="wp-block-image size-large"><img loading="lazy" decoding="async" width="1024" height="768" data-id="3851" src="https://ofornodecatuxa.es/wp-content/uploads/2024/08/Suite-del-Recuerdo-habitacion-4-1024x768.jpg" alt="" class="wp-image-3851" srcset="https://ofornodecatuxa.es/wp-content/uploads/2024/08/Suite-del-Recuerdo-habitacion-4-1024x768.jpg 1024w, https://ofornodecatuxa.es/wp-content/uploads/2024/08/Suite-del-Recuerdo-habitacion-4-300x225.jpg 300w, https://ofornodecatuxa.es/wp-content/uploads/2024/08/Suite-del-Recuerdo-habitacion-4-768x576.jpg 768w, https://ofornodecatuxa.es/wp-content/uploads/2024/08/Suite-del-Recuerdo-habitacion-4-1536x1152.jpg 1536w, https://ofornodecatuxa.es/wp-content/uploads/2024/08/Suite-del-Recuerdo-habitacion-4.jpg 2048w" sizes="auto, (max-width: 1024px) 100vw, 1024px" /></figure>
</figure>

<p>La del recuerdo, impresionante estancia con mucha historia: la habitación escondite que durante la guerra sirvió de refugio a tres vecinos de zona, cuyos nombres, anclados a nuestras infancias, todavía resuenan en la memoria.</p>

Habitación %%post_title%% en %%sitetitle%%

Suite del recuerdo, impresionante estancia con mucha historia: la habitación escondite que durante la guerra sirvió de refugio a tres vecinos de zona, cuyos nombres, anclados a nuestras infancias, todavía resuenan en la memoria.
